{"id":9631,"date":"2025-04-21T18:46:53","date_gmt":"2025-04-21T18:46:53","guid":{"rendered":"https:\/\/ccmexico.com.mx\/comercio-internacional\/?page_id=9631"},"modified":"2025-07-22T19:49:46","modified_gmt":"2025-07-22T19:49:46","slug":"diplomado-de-comercio-internacional3","status":"publish","type":"page","link":"https:\/\/ccmexico.com.mx\/comercio-internacional\/diplomado-de-comercio-internacional3\/","title":{"rendered":"Diplomado de Comercio Internacional3"},"content":{"rendered":"\t\t<div data-elementor-type=\"wp-page\" data-elementor-id=\"9631\" class=\"elementor elementor-9631\" data-elementor-post-type=\"page\">\n\t\t\t\t\t\t<section data-particle_enable=\"false\" data-particle-mobile-disabled=\"false\" class=\"elementor-section elementor-top-section elementor-element elementor-element-e2b2985 elementor-section-full_width elementor-hidden-mobile elementor-section-height-default elementor-section-height-default\" data-id=\"e2b2985\" data-element_type=\"section\" data-e-type=\"section\">\n\t\t\t\t\t\t<div class=\"elementor-container elementor-column-gap-no\">\n\t\t\t\t\t<div class=\"elementor-column elementor-col-100 elementor-top-column elementor-element elementor-element-1b81b83\" data-id=\"1b81b83\" data-element_type=\"column\" data-e-type=\"column\">\n\t\t\t<div class=\"elementor-widget-wrap elementor-element-populated\">\n\t\t\t\t\t\t<div class=\"elementor-element elementor-element-46494a3 elementor-widget elementor-widget-image\" data-id=\"46494a3\" data-element_type=\"widget\" data-e-type=\"widget\" data-widget_type=\"image.default\">\n\t\t\t\t<div class=\"elementor-widget-container\">\n\t\t\t\t\t\t\t\t\t\t\t\t\t\t\t<img fetchpriority=\"high\" decoding=\"async\" width=\"1920\" height=\"609\" src=\"https:\/\/ccmexico.com.mx\/comercio-internacional\/wp-content\/uploads\/2025\/04\/Sin-titulo-1.png\" class=\"attachment-full size-full wp-image-9637\" alt=\"\" srcset=\"https:\/\/ccmexico.com.mx\/comercio-internacional\/wp-content\/uploads\/2025\/04\/Sin-titulo-1.png 1920w, https:\/\/ccmexico.com.mx\/comercio-internacional\/wp-content\/uploads\/2025\/04\/Sin-titulo-1-300x95.png 300w, https:\/\/ccmexico.com.mx\/comercio-internacional\/wp-content\/uploads\/2025\/04\/Sin-titulo-1-1024x325.png 1024w, https:\/\/ccmexico.com.mx\/comercio-internacional\/wp-content\/uploads\/2025\/04\/Sin-titulo-1-768x244.png 768w, https:\/\/ccmexico.com.mx\/comercio-internacional\/wp-content\/uploads\/2025\/04\/Sin-titulo-1-1536x487.png 1536w\" sizes=\"(max-width: 1920px) 100vw, 1920px\" \/>\t\t\t\t\t\t\t\t\t\t\t\t\t\t\t<\/div>\n\t\t\t\t<\/div>\n\t\t\t\t\t<\/div>\n\t\t<\/div>\n\t\t\t\t\t<\/div>\n\t\t<\/section>\n\t\t\t\t<section data-particle_enable=\"false\" data-particle-mobile-disabled=\"false\" class=\"elementor-section elementor-top-section elementor-element elementor-element-63a11ee elementor-section-full_width elementor-hidden-desktop elementor-hidden-tablet elementor-section-height-default elementor-section-height-default\" data-id=\"63a11ee\" data-element_type=\"section\" data-e-type=\"section\">\n\t\t\t\t\t\t<div class=\"elementor-container elementor-column-gap-no\">\n\t\t\t\t\t<div class=\"elementor-column elementor-col-100 elementor-top-column elementor-element elementor-element-7166bf8\" data-id=\"7166bf8\" data-element_type=\"column\" data-e-type=\"column\">\n\t\t\t<div class=\"elementor-widget-wrap elementor-element-populated\">\n\t\t\t\t\t\t<div class=\"elementor-element elementor-element-637a68e elementor-widget elementor-widget-image\" data-id=\"637a68e\" data-element_type=\"widget\" data-e-type=\"widget\" data-widget_type=\"image.default\">\n\t\t\t\t<div class=\"elementor-widget-container\">\n\t\t\t\t\t\t\t\t\t\t\t\t\t\t\t<img decoding=\"async\" width=\"1080\" height=\"1080\" src=\"https:\/\/ccmexico.com.mx\/comercio-internacional\/wp-content\/uploads\/2025\/04\/BANNER-LANDING-PAGE.jpg\" class=\"attachment-full size-full wp-image-9644\" alt=\"\" srcset=\"https:\/\/ccmexico.com.mx\/comercio-internacional\/wp-content\/uploads\/2025\/04\/BANNER-LANDING-PAGE.jpg 1080w, https:\/\/ccmexico.com.mx\/comercio-internacional\/wp-content\/uploads\/2025\/04\/BANNER-LANDING-PAGE-300x300.jpg 300w, https:\/\/ccmexico.com.mx\/comercio-internacional\/wp-content\/uploads\/2025\/04\/BANNER-LANDING-PAGE-1024x1024.jpg 1024w, https:\/\/ccmexico.com.mx\/comercio-internacional\/wp-content\/uploads\/2025\/04\/BANNER-LANDING-PAGE-150x150.jpg 150w, https:\/\/ccmexico.com.mx\/comercio-internacional\/wp-content\/uploads\/2025\/04\/BANNER-LANDING-PAGE-768x768.jpg 768w, https:\/\/ccmexico.com.mx\/comercio-internacional\/wp-content\/uploads\/2025\/04\/BANNER-LANDING-PAGE-640x640.jpg 640w\" sizes=\"(max-width: 1080px) 100vw, 1080px\" \/>\t\t\t\t\t\t\t\t\t\t\t\t\t\t\t<\/div>\n\t\t\t\t<\/div>\n\t\t\t\t\t<\/div>\n\t\t<\/div>\n\t\t\t\t\t<\/div>\n\t\t<\/section>\n\t\t\t\t<section data-particle_enable=\"false\" data-particle-mobile-disabled=\"false\" class=\"elementor-section elementor-top-section elementor-element elementor-element-1e8a95d elementor-section-boxed elementor-section-height-default elementor-section-height-default\" data-id=\"1e8a95d\" data-element_type=\"section\" data-e-type=\"section\">\n\t\t\t\t\t\t<div class=\"elementor-container elementor-column-gap-default\">\n\t\t\t\t\t<div class=\"elementor-column elementor-col-100 elementor-top-column elementor-element elementor-element-d15dc52\" data-id=\"d15dc52\" data-element_type=\"column\" data-e-type=\"column\">\n\t\t\t<div class=\"elementor-widget-wrap elementor-element-populated\">\n\t\t\t\t\t\t<div class=\"elementor-element elementor-element-87d1a25 elementor-widget elementor-widget-text-editor\" data-id=\"87d1a25\" data-element_type=\"widget\" data-e-type=\"widget\" data-widget_type=\"text-editor.default\">\n\t\t\t\t<div class=\"elementor-widget-container\">\n\t\t\t\t\t\t\t\t\t<p><strong>En este diplomado los participantes ver\u00e1n los principios b\u00e1sicos del Comercio Exterior.<\/strong><\/p><p>PLAN DE ESTUDIOS DIPLOMADO<\/p><table><tbody><tr><td width=\"248\">Modulo<\/td><td width=\"248\">Duraci\u00f3n x horas<\/td><\/tr><tr><td width=\"248\"><strong>INTRODUCCION Y EL ABC DEL COMERCIO EXTERIOR <\/strong><\/td><td width=\"248\">5<\/td><\/tr><tr><td width=\"248\"><strong>MARCO LEGAL Y NORMATIVO DEL COMERCIO EXTERIOR <\/strong><\/td><td width=\"248\">10<\/td><\/tr><tr><td width=\"248\"><strong>CLASIFICACION ARANCELARIA CON LA NUEVA LIGIE <\/strong><\/td><td width=\"248\">10<\/td><\/tr><tr><td width=\"248\"><strong>TLC\u00b4S Y CERTIFICADOS DE ORIGEN <\/strong><\/td><td width=\"248\">10<\/td><\/tr><tr><td width=\"248\"><strong>MARKETING INTERNACIONAL <\/strong><\/td><td width=\"248\">10<\/td><\/tr><tr><td width=\"248\"><strong>DOCUMENTACION PARA IMPORTAR Y EXPORTAR <\/strong><\/td><td width=\"248\">10<\/td><\/tr><tr><td width=\"248\"><strong>CONTRATOS INTERNACIONALES E INCOTERMS 2020 <\/strong><\/td><td width=\"248\">10<\/td><\/tr><tr><td width=\"248\"><strong>OPERACI\u00d3N ADUANERA <\/strong><\/td><td width=\"248\">10<\/td><\/tr><tr><td width=\"248\"><strong>CARNET ATA: PASAPORTE DE LAS MERCANCIAS <\/strong><\/td><td width=\"248\">5<\/td><\/tr><tr><td width=\"248\"><strong>\u00bfCOMO HACER NEGOCIOS CON CHINA?<\/strong><\/td><td width=\"248\">5<\/td><\/tr><tr><td width=\"248\"><strong>CALCULO DE CONTRIBUCIONES AL COMERCIO EXTERIOR <\/strong><\/td><td width=\"248\">5<\/td><\/tr><tr><td width=\"248\"><strong>APLICACI\u00d3N FISCAL Y CONTABLE EN OPERACIONES DE COMERCIO EXTERIOR <\/strong><\/td><td width=\"248\">10<\/td><\/tr><tr><td width=\"248\"><strong>AUDITORIA DE COMERCIO EXTERIOR Y MEDIOS DE DEFENSA ADUANERA <\/strong><\/td><td width=\"248\">10<\/td><\/tr><tr><td width=\"248\"><strong>LOGISTICA INTERNACIONAL <\/strong><\/td><td width=\"248\">10<\/td><\/tr><tr><td width=\"248\"><strong>NORMAS, PATENTES Y\u00a0 NOM\u00b4S<\/strong><\/td><td width=\"248\">5<\/td><\/tr><\/tbody><\/table>\t\t\t\t\t\t\t\t<\/div>\n\t\t\t\t<\/div>\n\t\t\t\t\t<\/div>\n\t\t<\/div>\n\t\t\t\t\t<\/div>\n\t\t<\/section>\n\t\t\t\t<section data-particle_enable=\"false\" data-particle-mobile-disabled=\"false\" class=\"elementor-section elementor-top-section elementor-element elementor-element-b677598 elementor-section-boxed elementor-section-height-default elementor-section-height-default\" data-id=\"b677598\" data-element_type=\"section\" data-e-type=\"section\">\n\t\t\t\t\t\t<div class=\"elementor-container elementor-column-gap-default\">\n\t\t\t\t\t<div class=\"elementor-column elementor-col-100 elementor-top-column elementor-element elementor-element-1cc9402\" data-id=\"1cc9402\" data-element_type=\"column\" data-e-type=\"column\">\n\t\t\t<div class=\"elementor-widget-wrap elementor-element-populated\">\n\t\t\t\t\t\t<div class=\"elementor-element elementor-element-51ddd5d elementor-widget elementor-widget-text-editor\" data-id=\"51ddd5d\" data-element_type=\"widget\" data-e-type=\"widget\" data-widget_type=\"text-editor.default\">\n\t\t\t\t<div class=\"elementor-widget-container\">\n\t\t\t\t\t\t\t\t\t<p style=\"font-size: 18px;\"><strong>Comunicarse con: Dra. Karen Arag\u00f3n , Encargada de Padr\u00f3n ATA, correo electr\u00f3nico: karagonc@camaradecomerciodemexico.com.mx, Tel. +52 (55 3685 2269) ext. 1301<\/strong><\/p>\t\t\t\t\t\t\t\t<\/div>\n\t\t\t\t<\/div>\n\t\t\t\t\t<\/div>\n\t\t<\/div>\n\t\t\t\t\t<\/div>\n\t\t<\/section>\n\t\t\t\t<section data-particle_enable=\"false\" data-particle-mobile-disabled=\"false\" class=\"elementor-section elementor-top-section elementor-element elementor-element-b77fe88 elementor-section-boxed elementor-section-height-default elementor-section-height-default\" data-id=\"b77fe88\" data-element_type=\"section\" data-e-type=\"section\">\n\t\t\t\t\t\t<div class=\"elementor-container elementor-column-gap-default\">\n\t\t\t\t\t<div class=\"elementor-column elementor-col-100 elementor-top-column elementor-element elementor-element-3e4fecf\" data-id=\"3e4fecf\" data-element_type=\"column\" data-e-type=\"column\">\n\t\t\t<div class=\"elementor-widget-wrap elementor-element-populated\">\n\t\t\t\t\t\t<div class=\"elementor-element elementor-element-91c408f elementor-skin-coverflow elementor-arrows-yes elementor-pagination-type-bullets elementor-pagination-position-outside elementor-widget elementor-widget-media-carousel\" data-id=\"91c408f\" data-element_type=\"widget\" data-e-type=\"widget\" data-settings=\"{&quot;skin&quot;:&quot;coverflow&quot;,&quot;space_between&quot;:{&quot;unit&quot;:&quot;px&quot;,&quot;size&quot;:29,&quot;sizes&quot;:[]},&quot;show_arrows&quot;:&quot;yes&quot;,&quot;pagination&quot;:&quot;bullets&quot;,&quot;speed&quot;:500,&quot;autoplay&quot;:&quot;yes&quot;,&quot;autoplay_speed&quot;:5000,&quot;loop&quot;:&quot;yes&quot;,&quot;pause_on_hover&quot;:&quot;yes&quot;,&quot;pause_on_interaction&quot;:&quot;yes&quot;,&quot;space_between_tablet&quot;:{&quot;unit&quot;:&quot;px&quot;,&quot;size&quot;:10,&quot;sizes&quot;:[]},&quot;space_between_mobile&quot;:{&quot;unit&quot;:&quot;px&quot;,&quot;size&quot;:10,&quot;sizes&quot;:[]}}\" data-widget_type=\"media-carousel.default\">\n\t\t\t\t<div class=\"elementor-widget-container\">\n\t\t\t\t\t\t\t\t\t<div class=\"elementor-swiper\">\n\t\t\t\t\t<div class=\"elementor-main-swiper swiper\" role=\"region\" aria-roledescription=\"carousel\" aria-label=\"Slides\">\n\t\t\t\t<div class=\"swiper-wrapper\">\n\t\t\t\t\t\t\t\t\t\t\t<div class=\"swiper-slide\" role=\"group\" aria-roledescription=\"slide\">\n\t\t\t\t\t\t\t<a href=\"https:\/\/ccmexico.com.mx\/comercio-internacional\/wp-content\/uploads\/2025\/07\/Captura-de-pantalla-2025-07-22-110913-1.png\" data-elementor-open-lightbox=\"yes\" data-elementor-lightbox-slideshow=\"91c408f\" data-elementor-lightbox-title=\"Captura-de-pantalla-2025-07-22-110913\" data-e-action-hash=\"#elementor-action%3Aaction%3Dlightbox%26settings%3DeyJpZCI6OTY2MCwidXJsIjoiaHR0cHM6XC9cL2NjbWV4aWNvLmNvbS5teFwvY29tZXJjaW8taW50ZXJuYWNpb25hbFwvd3AtY29udGVudFwvdXBsb2Fkc1wvMjAyNVwvMDdcL0NhcHR1cmEtZGUtcGFudGFsbGEtMjAyNS0wNy0yMi0xMTA5MTMtMS5wbmciLCJzbGlkZXNob3ciOiI5MWM0MDhmIn0%3D\" data-elementor-lightbox-video=\"https:\/\/www.youtube.com\/embed\/ZWrjtuN1NKc?feature=oembed&amp;autoplay=1&amp;rel=0&amp;controls=0\">\t\t<div class=\"elementor-carousel-image\" role=\"img\" aria-label=\"Captura-de-pantalla-2025-07-22-110913\" style=\"background-image: url(&#039;https:\/\/ccmexico.com.mx\/comercio-internacional\/wp-content\/uploads\/2025\/07\/Captura-de-pantalla-2025-07-22-110913-1.png&#039;)\">\n\n\t\t\t\n\t\t\t\t\t\t\t<div class=\"elementor-custom-embed-play\">\n\t\t\t\t\t<i aria-hidden=\"true\" class=\"eicon-play\"><\/i>\t\t\t\t\t<span class=\"elementor-screen-only\">Play<\/span>\n\t\t\t\t<\/div>\n\t\t\t\t\t<\/div>\n\t\t<\/a>\t\t\t\t\t\t<\/div>\n\t\t\t\t\t\t\t\t\t\t\t<div class=\"swiper-slide\" role=\"group\" aria-roledescription=\"slide\">\n\t\t\t\t\t\t\t<a href=\"https:\/\/ccmexico.com.mx\/comercio-internacional\/wp-content\/uploads\/2025\/07\/Captura-de-pantalla-2025-07-22-110803-1.png\" data-elementor-open-lightbox=\"yes\" data-elementor-lightbox-slideshow=\"91c408f\" data-elementor-lightbox-title=\"Captura-de-pantalla-2025-07-22-110803\" data-e-action-hash=\"#elementor-action%3Aaction%3Dlightbox%26settings%3DeyJpZCI6OTY1OSwidXJsIjoiaHR0cHM6XC9cL2NjbWV4aWNvLmNvbS5teFwvY29tZXJjaW8taW50ZXJuYWNpb25hbFwvd3AtY29udGVudFwvdXBsb2Fkc1wvMjAyNVwvMDdcL0NhcHR1cmEtZGUtcGFudGFsbGEtMjAyNS0wNy0yMi0xMTA4MDMtMS5wbmciLCJzbGlkZXNob3ciOiI5MWM0MDhmIn0%3D\" data-elementor-lightbox-video=\"https:\/\/www.youtube.com\/embed\/jnKiLior5cs?feature=oembed&amp;autoplay=1&amp;rel=0&amp;controls=0\">\t\t<div class=\"elementor-carousel-image\" role=\"img\" aria-label=\"Captura-de-pantalla-2025-07-22-110803\" style=\"background-image: url(&#039;https:\/\/ccmexico.com.mx\/comercio-internacional\/wp-content\/uploads\/2025\/07\/Captura-de-pantalla-2025-07-22-110803-1.png&#039;)\">\n\n\t\t\t\n\t\t\t\t\t\t\t<div class=\"elementor-custom-embed-play\">\n\t\t\t\t\t<i aria-hidden=\"true\" class=\"eicon-play\"><\/i>\t\t\t\t\t<span class=\"elementor-screen-only\">Play<\/span>\n\t\t\t\t<\/div>\n\t\t\t\t\t<\/div>\n\t\t<\/a>\t\t\t\t\t\t<\/div>\n\t\t\t\t\t\t\t\t\t<\/div>\n\t\t\t\t\t\t\t\t\t\t\t\t\t\t\t<div class=\"elementor-swiper-button elementor-swiper-button-prev\" role=\"button\" tabindex=\"0\" aria-label=\"Previous\">\n\t\t\t\t\t\t\t<i aria-hidden=\"true\" class=\"eicon-chevron-left\"><\/i>\t\t\t\t\t\t<\/div>\n\t\t\t\t\t\t<div class=\"elementor-swiper-button elementor-swiper-button-next\" role=\"button\" tabindex=\"0\" aria-label=\"Next\">\n\t\t\t\t\t\t\t<i aria-hidden=\"true\" class=\"eicon-chevron-right\"><\/i>\t\t\t\t\t\t<\/div>\n\t\t\t\t\t\t\t\t\t\t\t\t\t\t\t\t<div class=\"swiper-pagination\"><\/div>\n\t\t\t\t\t\t\t\t\t\t\t\t<\/div>\n\t\t\t\t<\/div>\n\t\t\t\t\t\t\t\t<\/div>\n\t\t\t\t<\/div>\n\t\t\t\t\t<\/div>\n\t\t<\/div>\n\t\t\t\t\t<\/div>\n\t\t<\/section>\n\t\t\t\t<\/div>\n\t\t","protected":false},"excerpt":{"rendered":"<p>En este diplomado los participantes ver\u00e1n los principios b\u00e1sicos del Comercio Exterior. PLAN DE ESTUDIOS DIPLOMADO Modulo Duraci\u00f3n x horas INTRODUCCION Y EL ABC DEL COMERCIO EXTERIOR [&hellip;]<\/p>\n","protected":false},"author":1,"featured_media":0,"parent":0,"menu_order":0,"comment_status":"closed","ping_status":"closed","template":"elementor_header_footer","meta":{"footnotes":""},"class_list":["post-9631","page","type-page","status-publish","hentry"],"yoast_head":"<!-- This site is optimized with the Yoast SEO plugin v27.4 - https:\/\/yoast.com\/product\/yoast-seo-wordpress\/ -->\n<title>Diplomado de Comercio Internacional3 - Comercio Internacional<\/title>\n<meta name=\"robots\" content=\"index, follow, max-snippet:-1, max-image-preview:large, max-video-preview:-1\" \/>\n<link rel=\"canonical\" href=\"https:\/\/ccmexico.com.mx\/comercio-internacional\/diplomado-de-comercio-internacional3\/\" \/>\n<meta property=\"og:locale\" content=\"es_MX\" \/>\n<meta property=\"og:type\" content=\"article\" \/>\n<meta property=\"og:title\" content=\"Diplomado de Comercio Internacional3 - Comercio Internacional\" \/>\n<meta property=\"og:description\" content=\"En este diplomado los participantes ver\u00e1n los principios b\u00e1sicos del Comercio Exterior. PLAN DE ESTUDIOS DIPLOMADO Modulo Duraci\u00f3n x horas INTRODUCCION Y EL ABC DEL COMERCIO EXTERIOR [&hellip;]\" \/>\n<meta property=\"og:url\" content=\"https:\/\/ccmexico.com.mx\/comercio-internacional\/diplomado-de-comercio-internacional3\/\" \/>\n<meta property=\"og:site_name\" content=\"Comercio Internacional\" \/>\n<meta property=\"article:modified_time\" content=\"2025-07-22T19:49:46+00:00\" \/>\n<meta property=\"og:image\" content=\"https:\/\/ccmexico.com.mx\/comercio-internacional\/wp-content\/uploads\/2025\/04\/Sin-titulo-1.png\" \/>\n\t<meta property=\"og:image:width\" content=\"1920\" \/>\n\t<meta property=\"og:image:height\" content=\"609\" \/>\n\t<meta property=\"og:image:type\" content=\"image\/png\" \/>\n<meta name=\"twitter:card\" content=\"summary_large_image\" \/>\n<meta name=\"twitter:label1\" content=\"Tiempo de lectura\" \/>\n\t<meta name=\"twitter:data1\" content=\"2 minutos\" \/>\n<script type=\"application\/ld+json\" class=\"yoast-schema-graph\">{\"@context\":\"https:\\\/\\\/schema.org\",\"@graph\":[{\"@type\":\"WebPage\",\"@id\":\"https:\\\/\\\/ccmexico.com.mx\\\/comercio-internacional\\\/diplomado-de-comercio-internacional3\\\/\",\"url\":\"https:\\\/\\\/ccmexico.com.mx\\\/comercio-internacional\\\/diplomado-de-comercio-internacional3\\\/\",\"name\":\"Diplomado de Comercio Internacional3 - Comercio Internacional\",\"isPartOf\":{\"@id\":\"https:\\\/\\\/ccmexico.com.mx\\\/comercio-internacional\\\/#website\"},\"primaryImageOfPage\":{\"@id\":\"https:\\\/\\\/ccmexico.com.mx\\\/comercio-internacional\\\/diplomado-de-comercio-internacional3\\\/#primaryimage\"},\"image\":{\"@id\":\"https:\\\/\\\/ccmexico.com.mx\\\/comercio-internacional\\\/diplomado-de-comercio-internacional3\\\/#primaryimage\"},\"thumbnailUrl\":\"https:\\\/\\\/ccmexico.com.mx\\\/comercio-internacional\\\/wp-content\\\/uploads\\\/2025\\\/04\\\/Sin-titulo-1.png\",\"datePublished\":\"2025-04-21T18:46:53+00:00\",\"dateModified\":\"2025-07-22T19:49:46+00:00\",\"breadcrumb\":{\"@id\":\"https:\\\/\\\/ccmexico.com.mx\\\/comercio-internacional\\\/diplomado-de-comercio-internacional3\\\/#breadcrumb\"},\"inLanguage\":\"es\",\"potentialAction\":[{\"@type\":\"ReadAction\",\"target\":[\"https:\\\/\\\/ccmexico.com.mx\\\/comercio-internacional\\\/diplomado-de-comercio-internacional3\\\/\"]}]},{\"@type\":\"ImageObject\",\"inLanguage\":\"es\",\"@id\":\"https:\\\/\\\/ccmexico.com.mx\\\/comercio-internacional\\\/diplomado-de-comercio-internacional3\\\/#primaryimage\",\"url\":\"https:\\\/\\\/ccmexico.com.mx\\\/comercio-internacional\\\/wp-content\\\/uploads\\\/2025\\\/04\\\/Sin-titulo-1.png\",\"contentUrl\":\"https:\\\/\\\/ccmexico.com.mx\\\/comercio-internacional\\\/wp-content\\\/uploads\\\/2025\\\/04\\\/Sin-titulo-1.png\",\"width\":1920,\"height\":609},{\"@type\":\"BreadcrumbList\",\"@id\":\"https:\\\/\\\/ccmexico.com.mx\\\/comercio-internacional\\\/diplomado-de-comercio-internacional3\\\/#breadcrumb\",\"itemListElement\":[{\"@type\":\"ListItem\",\"position\":1,\"name\":\"Portada\",\"item\":\"https:\\\/\\\/ccmexico.com.mx\\\/comercio-internacional\\\/\"},{\"@type\":\"ListItem\",\"position\":2,\"name\":\"Diplomado de Comercio Internacional3\"}]},{\"@type\":\"WebSite\",\"@id\":\"https:\\\/\\\/ccmexico.com.mx\\\/comercio-internacional\\\/#website\",\"url\":\"https:\\\/\\\/ccmexico.com.mx\\\/comercio-internacional\\\/\",\"name\":\"Comercio Internacional\",\"description\":\"Comercio Internacional - Canaco\",\"potentialAction\":[{\"@type\":\"SearchAction\",\"target\":{\"@type\":\"EntryPoint\",\"urlTemplate\":\"https:\\\/\\\/ccmexico.com.mx\\\/comercio-internacional\\\/?s={search_term_string}\"},\"query-input\":{\"@type\":\"PropertyValueSpecification\",\"valueRequired\":true,\"valueName\":\"search_term_string\"}}],\"inLanguage\":\"es\"}]}<\/script>\n<!-- \/ Yoast SEO plugin. -->","yoast_head_json":{"title":"Diplomado de Comercio Internacional3 - Comercio Internacional","robots":{"index":"index","follow":"follow","max-snippet":"max-snippet:-1","max-image-preview":"max-image-preview:large","max-video-preview":"max-video-preview:-1"},"canonical":"https:\/\/ccmexico.com.mx\/comercio-internacional\/diplomado-de-comercio-internacional3\/","og_locale":"es_MX","og_type":"article","og_title":"Diplomado de Comercio Internacional3 - Comercio Internacional","og_description":"En este diplomado los participantes ver\u00e1n los principios b\u00e1sicos del Comercio Exterior. PLAN DE ESTUDIOS DIPLOMADO Modulo Duraci\u00f3n x horas INTRODUCCION Y EL ABC DEL COMERCIO EXTERIOR [&hellip;]","og_url":"https:\/\/ccmexico.com.mx\/comercio-internacional\/diplomado-de-comercio-internacional3\/","og_site_name":"Comercio Internacional","article_modified_time":"2025-07-22T19:49:46+00:00","og_image":[{"width":1920,"height":609,"url":"https:\/\/ccmexico.com.mx\/comercio-internacional\/wp-content\/uploads\/2025\/04\/Sin-titulo-1.png","type":"image\/png"}],"twitter_card":"summary_large_image","twitter_misc":{"Tiempo de lectura":"2 minutos"},"schema":{"@context":"https:\/\/schema.org","@graph":[{"@type":"WebPage","@id":"https:\/\/ccmexico.com.mx\/comercio-internacional\/diplomado-de-comercio-internacional3\/","url":"https:\/\/ccmexico.com.mx\/comercio-internacional\/diplomado-de-comercio-internacional3\/","name":"Diplomado de Comercio Internacional3 - Comercio Internacional","isPartOf":{"@id":"https:\/\/ccmexico.com.mx\/comercio-internacional\/#website"},"primaryImageOfPage":{"@id":"https:\/\/ccmexico.com.mx\/comercio-internacional\/diplomado-de-comercio-internacional3\/#primaryimage"},"image":{"@id":"https:\/\/ccmexico.com.mx\/comercio-internacional\/diplomado-de-comercio-internacional3\/#primaryimage"},"thumbnailUrl":"https:\/\/ccmexico.com.mx\/comercio-internacional\/wp-content\/uploads\/2025\/04\/Sin-titulo-1.png","datePublished":"2025-04-21T18:46:53+00:00","dateModified":"2025-07-22T19:49:46+00:00","breadcrumb":{"@id":"https:\/\/ccmexico.com.mx\/comercio-internacional\/diplomado-de-comercio-internacional3\/#breadcrumb"},"inLanguage":"es","potentialAction":[{"@type":"ReadAction","target":["https:\/\/ccmexico.com.mx\/comercio-internacional\/diplomado-de-comercio-internacional3\/"]}]},{"@type":"ImageObject","inLanguage":"es","@id":"https:\/\/ccmexico.com.mx\/comercio-internacional\/diplomado-de-comercio-internacional3\/#primaryimage","url":"https:\/\/ccmexico.com.mx\/comercio-internacional\/wp-content\/uploads\/2025\/04\/Sin-titulo-1.png","contentUrl":"https:\/\/ccmexico.com.mx\/comercio-internacional\/wp-content\/uploads\/2025\/04\/Sin-titulo-1.png","width":1920,"height":609},{"@type":"BreadcrumbList","@id":"https:\/\/ccmexico.com.mx\/comercio-internacional\/diplomado-de-comercio-internacional3\/#breadcrumb","itemListElement":[{"@type":"ListItem","position":1,"name":"Portada","item":"https:\/\/ccmexico.com.mx\/comercio-internacional\/"},{"@type":"ListItem","position":2,"name":"Diplomado de Comercio Internacional3"}]},{"@type":"WebSite","@id":"https:\/\/ccmexico.com.mx\/comercio-internacional\/#website","url":"https:\/\/ccmexico.com.mx\/comercio-internacional\/","name":"Comercio Internacional","description":"Comercio Internacional - Canaco","potentialAction":[{"@type":"SearchAction","target":{"@type":"EntryPoint","urlTemplate":"https:\/\/ccmexico.com.mx\/comercio-internacional\/?s={search_term_string}"},"query-input":{"@type":"PropertyValueSpecification","valueRequired":true,"valueName":"search_term_string"}}],"inLanguage":"es"}]}},"_links":{"self":[{"href":"https:\/\/ccmexico.com.mx\/comercio-internacional\/wp-json\/wp\/v2\/pages\/9631","targetHints":{"allow":["GET"]}}],"collection":[{"href":"https:\/\/ccmexico.com.mx\/comercio-internacional\/wp-json\/wp\/v2\/pages"}],"about":[{"href":"https:\/\/ccmexico.com.mx\/comercio-internacional\/wp-json\/wp\/v2\/types\/page"}],"author":[{"embeddable":true,"href":"https:\/\/ccmexico.com.mx\/comercio-internacional\/wp-json\/wp\/v2\/users\/1"}],"replies":[{"embeddable":true,"href":"https:\/\/ccmexico.com.mx\/comercio-internacional\/wp-json\/wp\/v2\/comments?post=9631"}],"version-history":[{"count":34,"href":"https:\/\/ccmexico.com.mx\/comercio-internacional\/wp-json\/wp\/v2\/pages\/9631\/revisions"}],"predecessor-version":[{"id":9682,"href":"https:\/\/ccmexico.com.mx\/comercio-internacional\/wp-json\/wp\/v2\/pages\/9631\/revisions\/9682"}],"wp:attachment":[{"href":"https:\/\/ccmexico.com.mx\/comercio-internacional\/wp-json\/wp\/v2\/media?parent=9631"}],"curies":[{"name":"wp","href":"https:\/\/api.w.org\/{rel}","templated":true}]}}